f 924581519?
547, 1690277
What are the prime factors of 314619041?
11, 757, 37783
What are the prime factors of 108638934?
2, 3, 18106489
What are the prime factors of 576365735?
5, 11, 10479377
What are the prime factors of 26714438?
2, 43, 53, 5861
List the prime factors of 60838525.
5, 11, 197, 1123
List the prime factors of 789726112.
2, 7, 3525563
List the prime factors of 87015416.
2, 37, 73, 4027
List the prime factors of 76123443.
3, 11, 19, 167, 727
What are the prime factors of 172061453?
283, 607991
What are the prime factors of 862572461?
862572461
What are the prime factors of 8101704?
2, 3, 13, 23, 1129
What are the prime factors of 60415858?
2, 17, 19, 93523
List the prime factors of 126061545.
3, 5, 17, 494359
What are the prime factors of 86403291?
3, 13, 2215469
List the prime factors of 279206355.
3, 5, 18613757
What are the prime factors of 19484357?
73, 266909
List the prime factors of 285251233.
71, 4017623
What are the prime factors of 3259584542?
2, 41, 39751031
List the prime factors of 1058497015.
5, 31, 887, 7699
What are the prime factors of 1407483092?
2, 351870773
List the prime factors of 144866887.
11, 19, 61, 1033
What are the prime factors of 14306518?
2, 47, 152197
List the prime factors of 68403729.
3, 22801243
What are the prime factors of 414376792?
2, 139, 191, 1951
What are the prime factors of 36518557?
359, 101723
List the prime factors of 5233755535.
5, 43, 24343049
List the prime factors of 291032021.
7, 5939429
List the prime factors of 31140803.
787, 39569
List the prime factors of 473029746.
2, 3, 7, 61, 184633
What are the prime factors of 45990920?
2, 5, 1149773
List the prime factors of 124082173.
124082173
What are the prime factors of 5226875363?
43, 673, 180617
List the prime factors of 588033125.
5, 940853
List the prime factors of 329206322.
2, 593, 277577
What are the prime factors of 227223036?
2, 3, 239, 8803
What are the prime factors of 118508555?
5, 11, 1063, 2027
List the prime factors of 233148406.
2, 116574203
List the prime factors of 220627934.
2, 8233, 13399
List the prime factors of 1074963354.
2, 3, 8861, 20219
List the prime factors of 363953219.
7, 23, 29, 77951
What are the prime factors of 40286510?
2, 5, 11, 29, 73, 173
What are the prime factors of 876016480?
2, 5, 5475103
What are the prime factors of 384005922?
2, 3, 19, 199, 16927
List the prime factors of 215586136.
2, 26948267
List the prime factors of 1924816089.
3, 7, 601, 21787
What are the prime factors of 1410364494?
2, 3, 7, 11, 41, 8273
List the prime factors of 55897962.
2, 3, 19, 131, 197
List the prime factors of 747199928.
2, 19, 127, 38707
What are the prime factors of 71082558?
2, 3, 23, 171697
List the prime factors of 454055413.
7, 757, 12241
List the prime factors of 716861512.
2, 4957, 18077
List the prime factors of 9289424.
2, 23, 25243
List the prime factors of 3830532302.
2, 103, 18594817
What are the prime factors of 367423455?
3, 5, 7, 113, 173, 179
List the prime factors of 107201990.
2, 5, 7, 19, 80603
List the prime factors of 164029393.
11, 14911763
List the prime factors of 623264586.
2, 3, 7, 14839633
What are the prime factors of 297912031?
23, 12952697
What are the prime factors of 186921088?
2, 19, 151, 509
List the prime factors of 40320720.
2, 3, 5, 11, 1697
What are the prime factors of 45438915?
3, 5, 23, 131707
What are the prime factors of 120517254?
2, 3, 11, 13, 15607
List the prime factors of 119683371.
3, 4733, 8429
List the prime factors of 320504226.
2, 3, 7, 31, 199, 1237
What are the prime factors of 775513217?
79, 9816623
List the prime factors of 145745966.
2, 47, 379, 4091
What are the prime factors of 7189422814?
2, 7, 157, 3270893
What are the prime factors of 1659283183?
43, 38587981
List the prime factors of 80547370.
2, 5, 41, 71, 2767
List the prime factors of 207972966.
2, 3, 1091, 31771
List the prime factors of 277180777.
277180777
List the prime factors of 3291431760.
2, 3, 5, 507937
What are the prime factors of 152548541?
71, 137, 15683
List the prime factors of 1427093603.
13, 109776431
List the prime factors of 953080507.
953080507
List the prime factors of 902715859.
19, 47511361
List the prime factors of 530344502.
2, 7853, 33767
What are the prime factors of 182716306?
2, 17, 5374009
List the prime factors of 44990006.
2, 22495003
List the prime factors of 798755833.
103, 7754911
List the prime factors of 76037030.
2, 5, 7603703
What are the prime factors of 719623314?
2, 3, 39979073
List the prime factors of 2489882286.
2, 3, 414980381
List the prime factors of 3220594019.
17, 47, 4030781
What are the prime factors of 983341530?
2, 3, 5, 1877, 5821
List the prime factors of 109916785.
5, 11, 47, 101, 421
List the prime factors of 1309664215.
5, 29, 9032167
List the prime factors of 3012395843.
229, 691, 19037
List the prime factors of 42661601.
233, 277, 661
What are the prime factors of 21171452?
2, 5292863
What are the prime factors of 102624771?
3, 67, 103, 4957
List the prime factors of 3072692635.
5, 19, 32344133
What are the prime factors of 2382421749?
3, 37, 1171, 18329
What are the prime factors of 285227219?
285227219
What are the prime factors of 512523274?
2, 256261637
List the prime factors of 26869676.
2, 6717419
What are the prime factors of 913685831?
131, 281, 24821
List the prime factors of 178456720.
2, 5, 13, 29, 61, 97
What are the prime factors of 298626798?
2, 3, 49771133
List the prime factors of 91498976.
2, 2859343
List the prime factors of 361984331.
83, 4361257
List the prime factors of 700885359.
3, 101, 257017
What are the prime factors of 954437240?
2, 5, 23860931
List the prime factors of 2635587073.
7, 6779, 55541
List the prime factors of 7713986.
2, 7, 41, 89, 151
What are the prime factors of 1214374079?
23, 83, 421, 1511
What are the prime factors of 73931612?
2, 18482903
What are the prime factors of 9415183?
2593, 3631
What are the prime factors of 26566683?
3, 11, 13, 61927
What are the prime factors of 1567419762?
2, 3, 89, 2935243
List the prime factors of 155222969.
11, 71, 233, 853
What are the prime factors of 3596978?
2, 7, 11, 23357
What are the prime factors of 1037661775?
5, 41506471
What are the prime factors of 443459235?
3, 5, 127, 131, 1777
List the prime factors of 5308371312.
2, 3, 17, 6505357
What are the prime factors of 30161264?
2, 7, 17, 31, 73
What are the prime factors of 56550349?
56550349
List the prime factors of 240265716.
2, 3, 19, 37, 1499
List the prime factors of 30502567.
30502567
List the prime factors of 1153734.
2, 3, 37, 5197
List the prime factors of 169772745.
3, 5, 11318183
What are the prime factors of 758012320?
2, 5, 13, 17, 97
List the prime factors of 960854044.
2, 757, 317323
List the prime factors of 178584810.
2, 3, 5, 5952827
What are the prime factors of 17787692?
2, 13, 342071
What are the prime factors of 131151357?
3, 19, 766967
What are the prime factors of 1441868169?
3, 7, 2099, 4673
List the prime factors of 713222079.
3, 1787, 133039
What are the prime factors of 77787693?
3, 8643077
List the prime factors of 959177023.
7, 137025289
List the prime factors of 15501963.
3, 47, 109943
List the prime factors of 394202363.
394202363
List the prime factors of 15255133.
1487, 10259
List the prime factors of 3041447233.
11, 43, 241, 26681
List the prime factors of 146223962.
2, 19, 31, 101, 1229
What are the prime factors of 186390653?
89, 2094277
What are the prime factors of 4433657319?
3, 7, 13, 151, 35851
What are the prime factors of 18067385?
5, 7, 19, 101, 269
What are the prime factors of 5594708562?
2, 3, 1087, 857821
What are the prime factors of 680460568?
2, 85057571
What are the prime factors of 194864378?
2, 61, 139, 11491
What are the prime factors of 1841485845?
3, 5, 122765723
What are the prime factors of 72580733?
72580733
List the prime factors of 5539982235.
3, 5, 941, 392489
What are the prime factors of 1660955583?
3, 7, 283, 279481
What are the prime factors of 469074459?
3, 7, 22336879
What are the prime factors of 117829726?
2, 7, 29, 59, 4919
What are the prime factors of 42466407?
3, 14155469
List the prime factors of 78126163.
78126163
List the prime factors of 2740340766.
2, 3, 456723461
List the prime factors of 328137530.
2, 5